of o?
11, 43
Let d be ((-16)/(-10))/((-22)/55). List the prime factors of ((-74)/4)/(d + (-275)/(-70)).
7, 37
Let n(a) = 3*a - 25. Let j be n(13). Suppose 395 - 115 = -5*q. What are the prime factors of j/q + 578/8?
2, 3
Let x(c) = -2*c**3 + 17*c**2 + 15*c + 2. Let j be x(-10). Suppose -21*m = -j - 900. List the prime factors of m.
2, 53
Let n be ((-3 + 0)/1)/((-3)/2044). Let o = n + -1131. List the prime factors of o.
11, 83
Let j be 1061/(-3) + (-3)/9 + (28 - 32). Suppose -3*c - 715 + 163 = m, -m - 552 = -3*c. Let a = j - m. List the prime factors of a.
2, 97
Suppose 15*a = 18*a + 2*w - 12104, -2*a + 8066 = 3*w. What are the prime factors of a?
2, 1009
Let b = -258 + 260. Suppose -42 = 14*u - 15*u + b*d, -2*d + 72 = 2*u. List the prime factors of u.
2, 19
Suppose 0 = 2*z + 5*n - 4658, 4*z - 3*n = 10228 - 938. List the prime factors of z.
2, 7, 83
Let z(y) be the first derivative of -135*y**2/2 - 40*y + 48. What are the prime factors of z(-2)?
2, 5, 23
What are the prime factors of 22482 + 41 - (4 - 5)*8?
22531
Let j be 95/20 + (-18)/24 - 9. What are the prime factors of (j + 4)*(3 + -364)?
19
Let z = -3688 - -8766. List the prime factors of z.
2, 2539
Let w = 41991 - 19197. What are the prime factors of w?
2, 3, 29, 131
List the prime factors of 61430/3 - 692/(-519).
2, 3, 3413
Suppose -2*x = 10, -i + 80*x + 15505 = 78*x. List the prime factors of i.
3, 5, 1033
Suppose 2*u - 26 = -4. Suppose -u*i - 124 + 498 = 0. List the prime factors of i + -1 + -2 + -2.
29
Suppose -261*z + 1670 = 73*z. Let m be 0*(1 + -1 - 1). Suppose m = z*d - 2*d - 585. What are the prime factors of d?
3, 5, 13
Suppose -52*r + 1506915 + 1412261 = 0. What are the prime factors of r?
2, 28069
Suppose 91*y = -479*y + 4532640. What are the prime factors of y?
2, 7, 71
Suppose 4*v = i + 12861, -16*v + 19*v - 9617 = -5*i. What are the prime factors of v?
2, 1607
Let n(a) be the third derivative of a**5/10 + a**4/4 + 3*a**3/2 - 9*a**2 - 3*a. What are the prime factors of n(6)?
3, 29
Let x = -101655 - -159621. List the prime factors of x.
2, 3, 9661
Let z(x) = x**3 + 3*x**2 - 9*x + 7. Let b be 5/3 + (-60)/9. Let g be z(b). What are the prime factors of (3 - 24*g)/(-1)?
3, 5
Suppose 3*p - 2*s = -s + 444, 148 = p + 4*s. Let g = p + 249. What are the prime factors of g?
397
Let x be 0/(-7) - -21*1. Suppose 22 = 22*h - x*h. List the prime factors of h/18 - 20/90 - -6.
7
Let c = 53823 + -6973. What are the prime factors of c?
2, 5, 937
Let p = 119 - 107. Suppose 2*g + 20 = p*g. Suppose 0 = -g*x + 24 + 44. List the prime factors of x.
2, 17
Let r = 2 + -30. Let z = 27 + r. What are the prime factors of ((-147)/(-42))/(z/(-2))?
7
Let c(l) = -23*l**2 + 14*l + 101. Let b(s) = 12*s**2 - 8*s - 51. Let o(t) = 7*b(t) + 3*c(t). What are the prime factors of o(-7)?
19, 41
Let l(j) = -2*j**2 + 3*j. Let n be l(-3). Let u = 33 + n. Suppose u*i = 72 + 18. List the prime factors of i.
3, 5
Let w be ((-42)/35)/(2/15). Let h(k) be the third derivative of -k**4/3 + 43*k**3/6 + 8*k**2. List the prime factors of h(w).
5, 23
Let w be (16/24)/((-1)/(-5805)). List the prime factors of 16/6*w/120.
2, 43
Let y(i) = 9*i**2 - 6*i - 6. Let s be y(-6). Let g = 2023 + -2019. Suppose -5*m - 4*o + 346 = 0, 3*m - 8*m + s = -g*o. What are the prime factors of m?
2, 5, 7
Let u = -24680 + 39592. List the prime factors of u.
2, 233
What are the prime factors of (20384/40)/((-2)/(-20))?
2, 7, 13
Let c = 1179 + -1263. Let w(o) = -o**2 - 6*o - 3. Let h be w(-5). Let z = h - c. What are the prime factors of z?
2, 43
Let l be 14/2 - (14 + -16). Suppose -l*k + 4632 = -309. What are the prime factors of k?
3, 61
Let j(w) = 7*w - 30. Let a be j(6). Let x(s) = -a*s + 24 - 14*s**2 - 3*s**3 + 2*s**3 + 0*s**3. What are the prime factors of x(-13)?
11
Let j be (-1325)/(-125) - (-6)/15. Let f(h) be the third derivative of h**6/120 - h**5/6 - h**4/6 + 10*h**3/3 + 6*h**2. What are the prime factors of f(j)?
97
Let w = 32298 - 15010. List the prime factors of w.
2, 2161
Let b(u) = -u**2 - 4*u + 1. Let m be b(-4). List the prime factors of (m - -4) + (-6192)/(-18).
349
Let o(k) = 52*k**3 - 51*k**2 - 57*k + 97. Let i(g) = 13*g**3 - 12*g**2 - 14*g + 24. Let h(n) = 9*i(n) - 2*o(n). List the prime factors of h(5).
3, 479
What are the prime factors of 1/9 + (-4)/72*-63106?
2, 1753
Let r(q) = q**2 + 2*q + 4. Let z be r(-3). Let c be -4 + z - (3 - 3). Suppose -4*o + 4*j = -192, -o - c*j - 232 = -6*o. List the prime factors of o.
2, 11
Let q = -1963 - -10925. List the prime factors of q.
2, 4481
Let l(u) be the third derivative of 35*u**4/6 - u**3 - 3*u**2. List the prime factors of l(5).
2, 347
Let c(j) = -7*j**3 + 216*j**2 - 52*j + 40. What are the prime factors of c(20)?
2, 3, 5, 7
List the prime factors of (9290 - (14 - -2))*1.
2, 4637
Let u(r) be the second derivative of -11/2*r**2 + 6*r + 1/2*r**3 + 1/12*r**4 + 0. List the prime factors of u(-6).
7
Suppose i + 4 = -2*p, p + 2*p + i = -6. Let a be (-95)/(-2)*-8*p/20. Let b = a + 116. List the prime factors of b.
2, 7, 11
Suppose 29*b + 297929 = 1516060 + 609710. List the prime factors of b.
63029
Let j = 342 + 307. Let p = j + -431. What are the prime factors of p?
2, 109
Let h(t) = -11*t - 88. Let c be h(34). Let j = c + 780. What are the prime factors of j?
2, 3, 53
Let k(p) be the third derivative of 7*p**5/60 - p**4/12 - 11*p**3/6 - p**2. Let g be -3 + (10 - 5 - -2). List the prime factors of k(g).
3, 31
Let s(l) = -l**3 + 13*l**2 - 554*l - 174. List the prime factors of s(-28).
2, 23741
Let j = 30 - 28. Suppose 35 = -5*b + 2*w - 5*w, -2*b + j*w + 2 = 0. List the prime factors of 9*6/27*(-258)/b.
3, 43
Let y(l) = -27*l + 205. Suppose 4*g = k + 23, 5*g = k - 35 + 58. List the prime factors of y(k).
2, 7, 59
Let g(h) = 932*h + 40. List the prime factors of g(9).
2, 7, 43
Let z be (-1)/(-2)*(7 + -15)*1. Let n(f) = -f**2 + 16*f - 21. Let u be n(16). List the prime factors of u*(z/4 - 5).
2, 3, 7
Suppose -224 = 26*t - 30*t. Let d = t + -57. What are the prime factors of 14 - d*2/(3 + -1)?
3, 5
Suppose 2*v = -5*m + 550, v - 357 = -3*m - 83. Suppose -6*p - v = -7*p. List the prime factors of p.
2, 5, 7
Suppose 8*t + 5*t = 2704. Let p = t + 620. List the prime factors of p.
2, 3, 23
Let w(m) = 6*m**2 - 31*m + 7. Let z be w(5). Suppose -10688 = -3*c + 118. What are the prime factors of z/(-7) + c/14?
257
Suppose -3*c = -4*x + 588 + 4, 0 = x - c - 149. Let n = x + -76. List the prime factors of n.
3, 23
Let k = -59003 + 82718. List the prime factors of k.
3, 5, 17, 31
Let l = -76 + 121. Let m be (-168)/(-9)*l/12. Let r = m + -60. List the prime factors of r.
2, 5
Let u(d) = -29*d - 18. Let o = -74 + 77. Let z be (-3 + 4 - o) + -2. What are the prime factors of u(z)?
2, 7
Let k(f) = -f - 4. Let h be k(-8). Suppose j = h, -3*g + 28 = g + 5*j. Suppose 259 = g*a - 119. List the prime factors of a.
3, 7
List the prime factors of ((-240472)/(-10) - 6) + 1/(-5).
29, 829
Suppose -5*j + 2*u - 62223 = -8*j, -5*j = -u - 103731. What are the prime factors of j?
3, 5, 461
Suppose 355221 + 1081881 = -156*c + 183*c. What are the prime factors of c?
2, 3, 2957
Let q(w) = -5*w - 10. Let s be q(-2). Let a(v) = v + 5. Let j be a(s). Suppose 2*n + 1012 = 5*d, 0 = n - j + 6. List the prime factors of d.
2, 101
Let x be (2694/(-5))/(6/60). List the prime factors of (12/(-24))/(2/x).
3, 449
Suppose -5*v + 221958 = 4*u, -30*v - 3*u = -35*v + 221909. List the prime factors of v.
2, 22193
Let c(t) = 7*t**3 + 450*t**2 + 46*t - 134. List the prime factors of c(-63).
97, 337
Let g(q) = -46*q**3 + 3*q**2 + 4*q - 1. Let h be g(-2). Let m be (h/(-21) - 0)/(1/(-15)). Let f = m + -136. List the prime factors of f.
3, 43
Let y = 8678 - 8367. Let k(p) = 4*p**2 - 3*p - 2. Let w be k(-5). Suppose 5*r + y = 3*a - 0*a, 0 = -a - 3*r + w. List the prime factors of a.
107
Suppose 22*n + 17871 = 18993 + 49764. List the prime factors of n.
3, 257
Let b be 24/20*25/15. List the prime factors of 1/(-3) - (-3422)/6 - b.
2, 71
Let p = -21235 + 51247. What are the prime factors of p?
2, 3, 41, 61
Suppose -7*m + 5 = -8*m, -4*m = 2*q - 11776. What are the prime factors of q?
2, 3, 983
Let o(i) = -118*i - 35 - 1315*i**2 + 2632*i**2 - 1311*i**2. List the prime factors of o(26).
953
Let g be 4*(-6)/(72/(-15)). Suppose -2*l = 2*r - 3*l - 7, 4*l 